[INFO] cloning repository https://github.com/cjbassi/batch-rename
[INFO] running `Command { std: "git" "-c" "credential.helper=" "-c" "credential.helper=/workspace/cargo-home/bin/git-credential-null" "clone" "--bare" "https://github.com/cjbassi/batch-rename" "/workspace/cache/git-repos/https%3A%2F%2Fgithub.com%2Fcjbassi%2Fbatch-rename", kill_on_drop: false }`
[INFO] [stderr] Cloning into bare repository '/workspace/cache/git-repos/https%3A%2F%2Fgithub.com%2Fcjbassi%2Fbatch-rename'...
[INFO] running `Command { std: "git" "rev-parse" "HEAD", kill_on_drop: false }`
[INFO] [stdout] f7cb813de437ee1684c594ed45b8b2c571da0fd9
[INFO] checking cjbassi/batch-rename against master#e6e4f7ed1589e03bc2f6c5931c1a72e7947e8682 for beta-170-4
[INFO] running `Command { std: "git" "clone" "/workspace/cache/git-repos/https%3A%2F%2Fgithub.com%2Fcjbassi%2Fbatch-rename" "/workspace/builds/worker-7-tc2/source", kill_on_drop: false }`
[INFO] [stderr] Cloning into '/workspace/builds/worker-7-tc2/source'...
[INFO] [stderr] done.
[INFO] validating manifest of git repo https://github.com/cjbassi/batch-rename on toolchain e6e4f7ed1589e03bc2f6c5931c1a72e7947e8682
[INFO] running `Command { std: CARGO_HOME="/workspace/cargo-home" RUSTUP_HOME="/workspace/rustup-home" "/workspace/cargo-home/bin/cargo" "+e6e4f7ed1589e03bc2f6c5931c1a72e7947e8682" "metadata" "--manifest-path" "Cargo.toml" "--no-deps", kill_on_drop: false }`
[INFO] started tweaking git repo https://github.com/cjbassi/batch-rename
[INFO] finished tweaking git repo https://github.com/cjbassi/batch-rename
[INFO] tweaked toml for git repo https://github.com/cjbassi/batch-rename written to /workspace/builds/worker-7-tc2/source/Cargo.toml
[INFO] crate git repo https://github.com/cjbassi/batch-rename already has a lockfile, it will not be regenerated
[INFO] running `Command { std: CARGO_HOME="/workspace/cargo-home" RUSTUP_HOME="/workspace/rustup-home" "/workspace/cargo-home/bin/cargo" "+e6e4f7ed1589e03bc2f6c5931c1a72e7947e8682" "fetch" "--manifest-path" "Cargo.toml", kill_on_drop: false }`
[INFO] running `Command { std: "docker" "create" "-v" "/var/lib/crater-agent-workspace/builds/worker-7-tc2/target:/opt/rustwide/target:rw,Z" "-v" "/var/lib/crater-agent-workspace/builds/worker-7-tc2/source:/opt/rustwide/workdir:ro,Z" "-v" "/var/lib/crater-agent-workspace/cargo-home:/opt/rustwide/cargo-home:ro,Z" "-v" "/var/lib/crater-agent-workspace/rustup-home:/opt/rustwide/rustup-home:ro,Z" "-e" "SOURCE_DIR=/opt/rustwide/workdir" "-e" "CARGO_TARGET_DIR=/opt/rustwide/target" "-e" "CARGO_HOME=/opt/rustwide/cargo-home" "-e" "RUSTUP_HOME=/opt/rustwide/rustup-home" "-w" "/opt/rustwide/workdir" "-m" "1610612736" "--user" "0:0" "--network" "none" "ghcr.io/rust-lang/crates-build-env/linux@sha256:19e73879b68f455e41552ea35293514db52ea292d993f571636dbffedb77a1ee" "/opt/rustwide/cargo-home/bin/cargo" "+e6e4f7ed1589e03bc2f6c5931c1a72e7947e8682" "metadata" "--no-deps" "--format-version=1", kill_on_drop: false }`
[INFO] [stdout] b1a47f6ce19aeddd2830517eeea0cd2495078e86c714fda407fd02a00d9b55c5
[INFO] running `Command { std: "docker" "start" "-a" "b1a47f6ce19aeddd2830517eeea0cd2495078e86c714fda407fd02a00d9b55c5", kill_on_drop: false }`
[INFO] running `Command { std: "docker" "inspect" "b1a47f6ce19aeddd2830517eeea0cd2495078e86c714fda407fd02a00d9b55c5", kill_on_drop: false }`
[INFO] running `Command { std: "docker" "rm" "-f" "b1a47f6ce19aeddd2830517eeea0cd2495078e86c714fda407fd02a00d9b55c5", kill_on_drop: false }`
[INFO] [stdout] b1a47f6ce19aeddd2830517eeea0cd2495078e86c714fda407fd02a00d9b55c5
[INFO] running `Command { std: "docker" "create" "-v" "/var/lib/crater-agent-workspace/builds/worker-7-tc2/target:/opt/rustwide/target:rw,Z" "-v" "/var/lib/crater-agent-workspace/builds/worker-7-tc2/source:/opt/rustwide/workdir:ro,Z" "-v" "/var/lib/crater-agent-workspace/cargo-home:/opt/rustwide/cargo-home:ro,Z" "-v" "/var/lib/crater-agent-workspace/rustup-home:/opt/rustwide/rustup-home:ro,Z" "-e" "SOURCE_DIR=/opt/rustwide/workdir" "-e" "CARGO_TARGET_DIR=/opt/rustwide/target" "-e" "CARGO_INCREMENTAL=0" "-e" "RUST_BACKTRACE=full" "-e" "RUSTFLAGS=--cap-lints=forbid" "-e" "RUSTDOCFLAGS=--cap-lints=forbid" "-e" "CARGO_HOME=/opt/rustwide/cargo-home" "-e" "RUSTUP_HOME=/opt/rustwide/rustup-home" "-w" "/opt/rustwide/workdir" "-m" "1610612736" "--user" "0:0" "--network" "none" "ghcr.io/rust-lang/crates-build-env/linux@sha256:19e73879b68f455e41552ea35293514db52ea292d993f571636dbffedb77a1ee" "/opt/rustwide/cargo-home/bin/cargo" "+e6e4f7ed1589e03bc2f6c5931c1a72e7947e8682" "check" "--frozen" "--all" "--all-targets" "--message-format=json", kill_on_drop: false }`
[INFO] [stdout] d0f385e90450c7ae0139bc14124a60b3d522b21f15212b88ee04936932e5bcba
[INFO] running `Command { std: "docker" "start" "-a" "d0f385e90450c7ae0139bc14124a60b3d522b21f15212b88ee04936932e5bcba", kill_on_drop: false }`
[INFO] [stderr]     Blocking waiting for file lock on package cache
[INFO] [stderr]    Compiling autocfg v0.1.2
[INFO] [stderr]     Checking rand_core v0.4.0
[INFO] [stderr]    Compiling libc v0.2.53
[INFO] [stderr]    Compiling proc-macro2 v0.4.28
[INFO] [stderr]    Compiling unicode-xid v0.1.0
[INFO] [stderr]    Compiling syn v0.15.33
[INFO] [stderr]    Compiling unicode-segmentation v1.2.1
[INFO] [stderr]     Checking unicode-width v0.1.5
[INFO] [stderr]     Checking strsim v0.8.0
[INFO] [stderr]     Checking vec_map v0.8.1
[INFO] [stderr]     Checking ansi_term v0.11.0
[INFO] [stderr]     Checking bitflags v1.0.4
[INFO] [stderr]    Compiling anyhow v1.0.13
[INFO] [stderr]     Checking cfg-if v0.1.7
[INFO] [stderr]     Checking remove_dir_all v0.5.1
[INFO] [stderr]     Checking textwrap v0.11.0
[INFO] [stderr]     Checking rand_core v0.3.1
[INFO] [stderr]     Checking rand_jitter v0.1.3
[INFO] [stderr]     Checking rand_hc v0.1.0
[INFO] [stderr]     Checking rand_xorshift v0.1.1
[INFO] [stderr]     Checking rand_isaac v0.1.1
[INFO] [stderr]    Compiling rand_pcg v0.1.2
[INFO] [stderr]    Compiling rand_chacha v0.1.1
[INFO] [stderr]    Compiling rand v0.6.5
[INFO] [stderr]    Compiling heck v0.3.1
[INFO] [stdout] error[E0407]: method `backtrace` is not a member of trait `StdError`
[INFO] [stdout]    --> /opt/rustwide/cargo-home/registry/src/index.crates.io-6f17d22bba15001f/anyhow-1.0.13/src/context.rs:189:5
[INFO] [stdout]     |
[INFO] [stdout] 189 | /     fn backtrace(&self) -> Option<&Backtrace> {
[INFO] [stdout] 190 | |         self.error.backtrace()
[INFO] [stdout] 191 | |     }
[INFO] [stdout]     | |_____^ not a member of trait `StdError`
[INFO] [stdout] 
[INFO] [stdout] 
[INFO] [stdout] error[E0407]: method `backtrace` is not a member of trait `StdError`
[INFO] [stdout]    --> /opt/rustwide/cargo-home/registry/src/index.crates.io-6f17d22bba15001f/anyhow-1.0.13/src/context.rs:203:5
[INFO] [stdout]     |
[INFO] [stdout] 203 | /     fn backtrace(&self) -> Option<&Backtrace> {
[INFO] [stdout] 204 | |         Some(self.error.backtrace())
[INFO] [stdout] 205 | |     }
[INFO] [stdout]     | |_____^ not a member of trait `StdError`
[INFO] [stdout] 
[INFO] [stdout] 
[INFO] [stdout] error[E0407]: method `backtrace` is not a member of trait `StdError`
[INFO] [stdout]    --> /opt/rustwide/cargo-home/registry/src/index.crates.io-6f17d22bba15001f/anyhow-1.0.13/src/error.rs:537:5
[INFO] [stdout]     |
[INFO] [stdout] 537 | /     fn backtrace(&self) -> Option<&Backtrace> {
[INFO] [stdout] 538 | |         Some(self.erase().backtrace())
[INFO] [stdout] 539 | |     }
[INFO] [stdout]     | |_____^ not a member of trait `StdError`
[INFO] [stdout] 
[INFO] [stdout] 
[INFO] [stdout] error[E0599]: no method named `backtrace` found for type parameter `E` in the current scope
[INFO] [stdout]    --> /opt/rustwide/cargo-home/registry/src/index.crates.io-6f17d22bba15001f/anyhow-1.0.13/src/context.rs:190:20
[INFO] [stdout]     |
[INFO] [stdout] 183 | impl<E, C> StdError for ContextError<E, C>
[INFO] [stdout]     |      - method `backtrace` not found for this type parameter
[INFO] [stdout] ...
[INFO] [stdout] 190 |         self.error.backtrace()
[INFO] [stdout]     |                    ^^^^^^^^^ method not found in `E`
[INFO] [stdout] 
[INFO] [stdout] 
[INFO] [stdout] error[E0599]: no method named `backtrace` found for type parameter `E` in the current scope
[INFO] [stdout]   --> /opt/rustwide/cargo-home/registry/src/index.crates.io-6f17d22bba15001f/anyhow-1.0.13/src/backtrace.rs:24:20
[INFO] [stdout]    |
[INFO] [stdout] 24 |         match $err.backtrace() {
[INFO] [stdout]    |                    ^^^^^^^^^ method not found in `E`
[INFO] [stdout]    |
[INFO] [stdout]   ::: /opt/rustwide/cargo-home/registry/src/index.crates.io-6f17d22bba15001f/anyhow-1.0.13/src/error.rs:32:16
[INFO] [stdout]    |
[INFO] [stdout] 32 |     pub fn new<E>(error: E) -> Self
[INFO] [stdout]    |                - method `backtrace` not found for this type parameter
[INFO] [stdout] ...
[INFO] [stdout] 36 |         let backtrace = backtrace_if_absent!(error);
[INFO] [stdout]    |                         --------------------------- in this macro invocation
[INFO] [stdout]    |
[INFO] [stdout]    = note: this error originates in the macro `backtrace_if_absent` (in Nightly builds, run with -Z macro-backtrace for more info)
[INFO] [stdout] 
[INFO] [stdout] 
[INFO] [stdout] error[E0599]: no method named `backtrace` found for type parameter `E` in the current scope
[INFO] [stdout]    --> /opt/rustwide/cargo-home/registry/src/index.crates.io-6f17d22bba15001f/anyhow-1.0.13/src/backtrace.rs:24:20
[INFO] [stdout]     |
[INFO] [stdout] 24  |         match $err.backtrace() {
[INFO] [stdout]     |                    ^^^^^^^^^ method not found in `E`
[INFO] [stdout]     |
[INFO] [stdout]    ::: /opt/rustwide/cargo-home/registry/src/index.crates.io-6f17d22bba15001f/anyhow-1.0.13/src/error.rs:313:6
[INFO] [stdout]     |
[INFO] [stdout] 313 | impl<E> From<E> for Error
[INFO] [stdout]     |      - method `backtrace` not found for this type parameter
[INFO] [stdout] ...
[INFO] [stdout] 318 |         let backtrace = backtrace_if_absent!(error);
[INFO] [stdout]     |                         --------------------------- in this macro invocation
[INFO] [stdout]     |
[INFO] [stdout]     = note: this error originates in the macro `backtrace_if_absent` (in Nightly builds, run with -Z macro-backtrace for more info)
[INFO] [stdout] 
[INFO] [stdout] 
[INFO] [stdout] error[E0599]: no method named `backtrace` found for reference `&(dyn std::error::Error + Send + Sync + 'static)` in the current scope
[INFO] [stdout]    --> /opt/rustwide/cargo-home/registry/src/index.crates.io-6f17d22bba15001f/anyhow-1.0.13/src/error.rs:484:38
[INFO] [stdout]     |
[INFO] [stdout] 484 |             .or_else(|| self.error().backtrace())
[INFO] [stdout]     |                                      ^^^^^^^^^ method not found in `&dyn Error + Send + Sync`
[INFO] [stdout] 
[INFO] [stdout] 
[INFO] [stdout] error: aborting due to 7 previous errors
[INFO] [stdout] 
[INFO] [stdout] 
[INFO] [stdout] Some errors have detailed explanations: E0407, E0599.
[INFO] [stdout] 
[INFO] [stdout] For more information about an error, try `rustc --explain E0407`.
[INFO] [stdout] 
[INFO] [stderr] error: could not compile `anyhow` (lib) due to 8 previous errors
[INFO] [stderr] warning: build failed, waiting for other jobs to finish...
[INFO] running `Command { std: "docker" "inspect" "d0f385e90450c7ae0139bc14124a60b3d522b21f15212b88ee04936932e5bcba", kill_on_drop: false }`
[INFO] running `Command { std: "docker" "rm" "-f" "d0f385e90450c7ae0139bc14124a60b3d522b21f15212b88ee04936932e5bcba", kill_on_drop: false }`
[INFO] [stdout] d0f385e90450c7ae0139bc14124a60b3d522b21f15212b88ee04936932e5bcba
